 common divisor of 66312 and 1697096?
2456
Calculate the highest common divisor of 5190024 and 126.
42
What is the highest common factor of 16218 and 24880320?
954
What is the greatest common divisor of 17357157 and 45?
9
What is the highest common factor of 2062 and 3970381?
1031
What is the greatest common factor of 445511 and 2165801?
4411
What is the greatest common factor of 2974249 and 944?
59
What is the highest common divisor of 14263263 and 3969?
1323
What is the highest common factor of 19743131 and 23?
23
What is the greatest common divisor of 20 and 92051840?
20
What is the greatest common factor of 1404 and 136080?
108
Calculate the highest common divisor of 516 and 47393568.
516
Calculate the greatest common divisor of 20910 and 2358750.
510
Calculate the greatest common factor of 3105 and 5193450.
135
What is the highest common divisor of 30860024 and 104?
104
What is the greatest common divisor of 663 and 782026401?
663
What is the highest common divisor of 2633 and 863?
1
What is the highest common divisor of 27956390 and 70?
70
What is the highest common factor of 8671884 and 468?
156
Calculate the greatest common divisor of 35222224 and 5920.
592
What is the highest common divisor of 99313 and 5168?
19
What is the greatest common divisor of 77082093 and 165?
33
Calculate the highest common factor of 16500875 and 93425.
2525
Calculate the highest common factor of 286195 and 1638.
91
Calculate the highest common factor of 483 and 223909623.
483
What is the highest common divisor of 927739 and 14761?
29
Calculate the greatest common factor of 331092 and 12546.
306
Calculate the greatest common factor of 565 and 9456857.
113
Calculate the highest common divisor of 11450558 and 392.
14
Calculate the highest common divisor of 292 and 3223761760.
292
Calculate the highest common divisor of 2040 and 430760.
40
What is the highest common divisor of 3880 and 467982320?
3880
Calculate the highest common factor of 394056231 and 4434.
2217
Calculate the highest common factor of 171 and 124968871.
19
Calculate the greatest common factor of 693700272 and 5328.
5328
Calculate the highest common divisor of 14 and 214647566.
14
Calculate the greatest common factor of 360926 and 34.
2
What is the highest common divisor of 225331 and 51703011?
2323
Calculate the greatest common factor of 40 and 2532776.
8
Calculate the greatest common factor of 375521 and 3248.
29
Calculate the greatest common divisor of 2523767 and 12029.
23
Calculate the highest common factor of 2948 and 16950732.
268
Calculate the highest common factor of 11355 and 228966005.
3785
Calculate the highest common factor of 86588914 and 422.
422
What is the greatest common factor of 337597 and 1391?
13
Calculate the highest common divisor of 183663 and 801.
9
Calculate the greatest common divisor of 525 and 51979935.
105
What is the greatest common divisor of 19732859 and 314?
157
Calculate the highest common divisor of 13616772 and 4011.
573
What is the highest common factor of 8628 and 15156?
12
What is the highest common divisor of 126846 and 11815470?
4698
Calculate the greatest common divisor of 10598 and 367668.
14
Calculate the highest common divisor of 12228 and 175452.
12
What is the greatest common factor of 4823500074 and 9041?
9041
Calculate the greatest common factor of 377 and 34267386.
29
Calculate the highest common factor of 29887 and 255151.
247
Calculate the highest common divisor of 2499504 and 55706.
2422
Calculate the highest common factor of 16 and 16479864.
8
Calculate the highest common divisor of 50369558 and 16278.
5426
What is the highest common divisor of 4181780 and 100?
20
Calculate the greatest common divisor of 2888912 and 121448.
2584
What is the greatest common divisor of 929175 and 49675?
25
Calculate the highest common divisor of 309 and 2251974.
3
What is the highest common factor of 52239 and 36201?
33
Calculate the greatest common factor of 687750598 and 222.
74
Calculate the greatest common factor of 62488 and 5910518.
146
What is the greatest common divisor of 78864 and 62868?
372
Calculate the greatest common divisor of 8457449 and 14768.
923
What is the greatest common divisor of 20417891 and 221?
13
Calculate the greatest common factor of 4589193 and 301.
7
What is the greatest common divisor of 238233512 and 4488?
1496
Calculate the highest common divisor of 21474882 and 249054.
8034
What is the greatest common factor of 296 and 4447216?
8
Calculate the highest common factor of 46 and 595344420.
46
What is the highest common divisor of 70932560 and 80?
80
Calculate the greatest common divisor of 1347969 and 2541.
21
What is the highest common factor of 4765308350 and 3890?
3890
Calculate the greatest common divisor of 1822425912 and 72.
72
Calculate the highest common divisor of 39 and 295994023.
13
Calculate the greatest common divisor of 392 and 104146168.
392
What is the greatest common divisor of 7904 and 956176?
208
What is the highest common factor of 2356617 and 6797?
971
Calculate the highest common factor of 18666322 and 76.
38
What is the greatest common divisor of 146934812 and 1172?
1172
What is the greatest common divisor of 9802176 and 912?
912
Calculate the highest common factor of 3683 and 151.
1
Calculate the highest common factor of 96 and 71780712.
24
Calculate the highest common factor of 1148756 and 74872.
196
What is the greatest common factor of 1293698 and 672133?
2107
What is the highest common factor of 74281 and 8047528?
1259
Calculate the greatest common divisor of 14992116 and 42.
6
Calculate the highest common factor of 127540476 and 576.
36
Calculate the greatest common divisor of 704 and 873577056.
352
What is the greatest common factor of 17 and 178097287?
17
Calculate the highest common factor of 628 and 22960.
4
What is the greatest common divisor of 85665616 and 2358?
262
What is the greatest common factor of 168516 and 2959600?
604
Calculate the highest common factor of 16262 and 51982.
94
What is the highest common divisor of 79306 and 1159?
19
Calculate the greatest common divisor of 121284214 and 4820.
482
What is the highest common factor of 18 and 425994?
6
Calculate the highest common factor of 4930 and 4971650.
170
Calculate the greatest common factor of 1048088480 and 120.
40
Calculate the greatest common divisor of 986252 and 3249.
361
What is the highest common factor of 534969563 and 419?
419
Calculate the greatest common divisor of 863 and 12458.
1
Calculate the highest common factor of 118 and 122869211.
59
Calculate the greatest common factor of 7480918 and 8296.
2074
Calculate the highest common divisor of 11 and 102548567.
11
What is the highest common factor of 176643 and 19722?
57
Calculate the greatest common factor of 18511812 and 990.
198
Calculate the highest common divisor of 1104 and 1868336.
368
Calculate the greatest common factor of 248182 and 46110.
58
What is the greatest common divisor of 9317 and 10969?
7
What is the highest common divisor of 1483575 and 1572?
393
Calculate the highest common factor of 20145 and 514760.
85
Calculate the highest common divisor of 30900 and 5822384.
412
What is the highest common divisor of 3174647 and 5572?
1393
Calculate the greatest common factor of 18295361 and 47.
47
Calculate the greatest common factor of 499200 and 450.
150
What is the greatest common divisor of 3019157 and 181697?
2489
What is the highest common divisor of 63813 and 2654247?
267
Calculate the highest common divisor of 2677998 and 420.
6
Calculate the greatest common factor of 3281 and 3225223.
3281
Calculate the greatest common divisor of 4906 and 516824.
22
Calculate the greatest common factor of 5777 and 135521.
53
What is the greatest common divisor of 68 and 13524596?
4
What is the highest common factor of 440 and 21738035?
55
Calculate the highest common factor of 36482666 and 111.
37
What is the greatest common divisor of 623704 and 31376?
424
What is the greatest common factor of 50509 and 158947?
53
Calculate the greatest common divisor of 9316954 and 589.
19
Calculate the greatest common divisor of 303825 and 1800.
75
Calculate the greatest common divisor of 1485 and 341558415.
495
Calculate the greatest common divisor of 3892 and 100310462.
1946
W